{"id":1412,"date":"2024-02-14T12:33:01","date_gmt":"2024-02-14T12:33:01","guid":{"rendered":"https:\/\/shutterexpert.nl\/persianas-venecianas\/vragen-over-blinds\/"},"modified":"2025-03-31T12:19:24","modified_gmt":"2025-03-31T12:19:24","slug":"preguntas-sobre-persianas-venecianas","status":"publish","type":"page","link":"https:\/\/shutterexpert.nl\/es\/persianas-venecianas\/preguntas-sobre-persianas-venecianas\/","title":{"rendered":"Preguntas sobre persianas venecianas"},"content":{"rendered":"\n<h2 class=\"wp-block-heading has-text-align-left\">PREGUNTAS FRECUENTES SOBRE PERSIANAS VENECIANAS<\/h2>\n\n\n\n<p><\/p>\n\n\n\n<p class=\"has-text-align-left\"><strong>\u00bfCu\u00e1les son las ventajas de las persianas?<\/strong><\/p>\n\n\n\n<p class=\"has-text-align-left\">Las persianas ofrecen un excelente control de la luz y la privacidad, son duraderos, f\u00e1ciles de mantener y se adaptan a una gran variedad de estilos de interior.<\/p>\n\n\n\n<p class=\"has-text-align-left\"><strong>\u00bfTienen un showroom?<\/strong><\/p>\n\n\n\n<p class=\"has-text-align-left\">No. Operamos completamente online y no contamos con una tienda f\u00edsica. Para solicitar un presupuesto:<br>1. Si lo apruebas, realizamos una visita a domicilio para la medici\u00f3n final y selecci\u00f3n de colores.<br>2. Env\u00edanos las medidas y fotos de tus ventanas.<br>3. Te proporcionaremos un presupuesto proforma.<\/p>\n\n\n\n<p class=\"has-text-align-left\"><strong>\u00bfC\u00f3mo puedo solicitar un presupuesto sin visitar un showroom?<\/strong><\/p>\n\n\n\n<p class=\"has-text-align-left\">Puedes solicitar un presupuesto gratuito enviando las dimensiones y fotos de tus ventanas a trav\u00e9s de:<br>-Tel\u00e9fono<br>-Nuestra web<br>-Correo electr\u00f3nico<br><br>Si lo prefieres, podemos programar una videoconsulta para evaluar tu espacio y brindarte asesoramiento en tiempo real.<\/p>\n\n\n\n<p class=\"has-text-align-left\"><strong>\u00bfTrabajan en Espa\u00f1a y en los Pa\u00edses Bajos?<\/strong><\/p>\n\n\n\n<p class=\"has-text-align-left\">S\u00ed, ofrecemos nuestros servicios en Espa\u00f1a y en los Pa\u00edses Bajos.<br>&#8211; En los Pa\u00edses Bajos, proporcionamos un presupuesto detallado y, una vez aprobado, el equipo de JASNO se encarga de la medici\u00f3n e instalaci\u00f3n.<br>&#8211; En Espa\u00f1a, realizamos visitas presenciales para la medici\u00f3n final e instalaci\u00f3n.<\/p>\n\n\n\n<p class=\"has-text-align-left\"><strong>\u00bfCu\u00e1l es el tiempo de entrega de las persianas JASNO?<\/strong><\/p>\n\n\n\n<p class=\"has-text-align-left\">&#8211; Pa\u00edses Bajos: Aproximadamente 6-8 semanas desde la confirmaci\u00f3n del pedido.<br>&#8211; Espa\u00f1a: Aproximadamente 8-10 semanas, debido a la log\u00edstica local.<\/p>\n\n\n\n<p class=\"has-text-align-left\"><strong>\u00bfLas persianas venecianas tienen garant\u00eda?<\/strong><\/p>\n\n\n\n<p class=\"has-text-align-left\">S\u00ed, todas las persianas de madera JASNO cuentan con 3 a\u00f1os de garant\u00eda, cubriendo defectos de fabricaci\u00f3n y decoloraci\u00f3n de la pintura.<\/p>\n\n\n\n<p class=\"has-text-align-left\"><strong>\u00bfSe pueden instalar persianas en ba\u00f1os?<\/strong><\/p>\n\n\n\n<p class=\"has-text-align-left\">S\u00ed, nuestros estores de madera JASNO cuentan con un tratamiento especial en laca o aceite que los hace aptos para ambientes h\u00famedos, como ba\u00f1os y zonas de bienestar.<\/p>\n\n\n\n<p class=\"has-text-align-left\">Importante: No deben estar en contacto directo con el agua. La condensaci\u00f3n ocasional y las salpicaduras no afectan su calidad.<\/p>\n\n\n\n<p class=\"has-text-align-left\"><strong>\u00bfSe pueden pedir persianas con motorizaci\u00f3n el\u00e9ctrica?<\/strong><\/p>\n\n\n\n<p class=\"has-text-align-left\">\u00a1Por supuesto! Las persianas JASNO est\u00e1n disponibles con motorizaci\u00f3n Dooya, lo que permite ajustarlos f\u00e1cilmente con solo pulsar un bot\u00f3n.<\/p>\n\n\n\n<p class=\"has-text-align-left\"><strong>\u00bfCu\u00e1l es la diferencia entre cinta decorativa (ladder tape) y cord\u00f3n (ladder cord)?<\/strong><\/p>\n\n\n\n<p class=\"has-text-align-left\">&#8211; Cord\u00f3n est\u00e1ndar (ladder cord): Un cord\u00f3n fino que atraviesa el centro de cada lama, creando un dise\u00f1o minimalista y discreto.<br>&#8211; Cinta decorativa (ladder tape): Una banda de tela que cubre los agujeros en la parte delantera y trasera de las lamas, ofreciendo un acabado m\u00e1s estilizado y sofisticado.<br>&#8211; Versi\u00f3n de privacidad: El cord\u00f3n pasa por la parte frontal y trasera de las lamas, lo que proporciona mayor oscurecimiento, una est\u00e9tica m\u00e1s limpia y mayor privacidad.<\/p>\n\n\n\n<h4 class=\"wp-block-heading has-text-align-left\">MEJORA TU HOGAR CON PERSIANAS VENECIANAS DE MADERA PREMIUM<\/h4>\n\n\n\n<p class=\"has-text-align-left\">Explora nuestra selecci\u00f3n de persianas de madera personalizados, dise\u00f1ados para ofrecer elegancia, funcionalidad y durabilidad.<\/p>\n\n\n\n<p class=\"has-text-align-left\">Cont\u00e1ctanos hoy mismo para recibir asesoramiento experto y un presupuesto personalizado.<\/p>\n\n\n\n<p class=\"has-text-align-left\"><\/p>\n\n\n\n<p><\/p>\n","protected":false},"excerpt":{"rendered":"<p>PREGUNTAS FRECUENTES SOBRE PERSIANAS VENECIANAS \u00bfCu\u00e1les son las ventajas de las persianas? Las persianas ofrecen un excelente control de la luz y la privacidad, son duraderos, f\u00e1ciles de mantener y se adaptan a una gran variedad de estilos de interior. \u00bfTienen un showroom? No. Operamos completamente online y no contamos con una tienda f\u00edsica. Para [&hellip;]<\/p>\n","protected":false},"author":1,"featured_media":1414,"parent":1342,"menu_order":40,"comment_status":"closed","ping_status":"closed","template":"","meta":{"_acf_changed":false,"footnotes":""},"class_list":["post-1412","page","type-page","status-publish","has-post-thumbnail","hentry"],"acf":[],"aioseo_notices":[],"_links":{"self":[{"href":"https:\/\/shutterexpert.nl\/es\/wp-json\/wp\/v2\/pages\/1412","targetHints":{"allow":["GET"]}}],"collection":[{"href":"https:\/\/shutterexpert.nl\/es\/wp-json\/wp\/v2\/pages"}],"about":[{"href":"https:\/\/shutterexpert.nl\/es\/wp-json\/wp\/v2\/types\/page"}],"author":[{"embeddable":true,"href":"https:\/\/shutterexpert.nl\/es\/wp-json\/wp\/v2\/users\/1"}],"replies":[{"embeddable":true,"href":"https:\/\/shutterexpert.nl\/es\/wp-json\/wp\/v2\/comments?post=1412"}],"version-history":[{"count":4,"href":"https:\/\/shutterexpert.nl\/es\/wp-json\/wp\/v2\/pages\/1412\/revisions"}],"predecessor-version":[{"id":1425,"href":"https:\/\/shutterexpert.nl\/es\/wp-json\/wp\/v2\/pages\/1412\/revisions\/1425"}],"up":[{"embeddable":true,"href":"https:\/\/shutterexpert.nl\/es\/wp-json\/wp\/v2\/pages\/1342"}],"wp:featuredmedia":[{"embeddable":true,"href":"https:\/\/shutterexpert.nl\/es\/wp-json\/wp\/v2\/media\/1414"}],"wp:attachment":[{"href":"https:\/\/shutterexpert.nl\/es\/wp-json\/wp\/v2\/media?parent=1412"}],"curies":[{"name":"wp","href":"https:\/\/api.w.org\/{rel}","templated":true}]}}

<h2 class="wp-block-heading has-text-align-left">PREGUNTAS FRECUENTES SOBRE PERSIANAS VENECIANAS</h2>



<p></p>



<p class="has-text-align-left"><strong>¿Cuáles son las ventajas de las persianas?</strong></p>



<p class="has-text-align-left">Las persianas ofrecen un excelente control de la luz y la privacidad, son duraderos, fáciles de mantener y se adaptan a una gran variedad de estilos de interior.</p>



<p class="has-text-align-left"><strong>¿Tienen un showroom?</strong></p>



<p class="has-text-align-left">No. Operamos completamente online y no contamos con una tienda física. Para solicitar un presupuesto:<br>1. Si lo apruebas, realizamos una visita a domicilio para la medición final y selección de colores.<br>2. Envíanos las medidas y fotos de tus ventanas.<br>3. Te proporcionaremos un presupuesto proforma.</p>



<p class="has-text-align-left"><strong>¿Cómo puedo solicitar un presupuesto sin visitar un showroom?</strong></p>



<p class="has-text-align-left">Puedes solicitar un presupuesto gratuito enviando las dimensiones y fotos de tus ventanas a través de:<br>-Teléfono<br>-Nuestra web<br>-Correo electrónico<br><br>Si lo prefieres, podemos programar una videoconsulta para evaluar tu espacio y brindarte asesoramiento en tiempo real.</p>



<p class="has-text-align-left"><strong>¿Trabajan en España y en los Países Bajos?</strong></p>



<p class="has-text-align-left">Sí, ofrecemos nuestros servicios en España y en los Países Bajos.<br>&#8211; En los Países Bajos, proporcionamos un presupuesto detallado y, una vez aprobado, el equipo de JASNO se encarga de la medición e instalación.<br>&#8211; En España, realizamos visitas presenciales para la medición final e instalación.</p>



<p class="has-text-align-left"><strong>¿Cuál es el tiempo de entrega de las persianas JASNO?</strong></p>



<p class="has-text-align-left">&#8211; Países Bajos: Aproximadamente 6-8 semanas desde la confirmación del pedido.<br>&#8211; España: Aproximadamente 8-10 semanas, debido a la logística local.</p>



<p class="has-text-align-left"><strong>¿Las persianas venecianas tienen garantía?</strong></p>



<p class="has-text-align-left">Sí, todas las persianas de madera JASNO cuentan con 3 años de garantía, cubriendo defectos de fabricación y decoloración de la pintura.</p>



<p class="has-text-align-left"><strong>¿Se pueden instalar persianas en baños?</strong></p>



<p class="has-text-align-left">Sí, nuestros estores de madera JASNO cuentan con un tratamiento especial en laca o aceite que los hace aptos para ambientes húmedos, como baños y zonas de bienestar.</p>



<p class="has-text-align-left">Importante: No deben estar en contacto directo con el agua. La condensación ocasional y las salpicaduras no afectan su calidad.</p>



<p class="has-text-align-left"><strong>¿Se pueden pedir persianas con motorización eléctrica?</strong></p>



<p class="has-text-align-left">¡Por supuesto! Las persianas JASNO están disponibles con motorización Dooya, lo que permite ajustarlos fácilmente con solo pulsar un botón.</p>



<p class="has-text-align-left"><strong>¿Cuál es la diferencia entre cinta decorativa (ladder tape) y cordón (ladder cord)?</strong></p>



<p class="has-text-align-left">&#8211; Cordón estándar (ladder cord): Un cordón fino que atraviesa el centro de cada lama, creando un diseño minimalista y discreto.<br>&#8211; Cinta decorativa (ladder tape): Una banda de tela que cubre los agujeros en la parte delantera y trasera de las lamas, ofreciendo un acabado más estilizado y sofisticado.<br>&#8211; Versión de privacidad: El cordón pasa por la parte frontal y trasera de las lamas, lo que proporciona mayor oscurecimiento, una estética más limpia y mayor privacidad.</p>



<h4 class="wp-block-heading has-text-align-left">MEJORA TU HOGAR CON PERSIANAS VENECIANAS DE MADERA PREMIUM</h4>



<p class="has-text-align-left">Explora nuestra selección de persianas de madera personalizados, diseñados para ofrecer elegancia, funcionalidad y durabilidad.</p>



<p class="has-text-align-left">Contáctanos hoy mismo para recibir asesoramiento experto y un presupuesto personalizado.</p>



<p class="has-text-align-left"></p>



<p></p>

<p>PREGUNTAS FRECUENTES SOBRE PERSIANAS VENECIANAS ¿Cuáles son las ventajas de las persianas? Las persianas ofrecen un excelente control de la luz y la privacidad, son duraderos, fáciles de mantener y se adaptan a una gran variedad de estilos de interior. ¿Tienen un showroom? No. Operamos completamente online y no contamos con una tienda física. Para [&hellip;]</p>
